the greatest common factor of 184746 and 861?
123
Calculate the highest common factor of 320 and 7534240.
160
What is the highest common divisor of 11950 and 2095?
5
Calculate the highest common factor of 11063 and 8671.
299
Calculate the greatest common factor of 1388 and 642644.
1388
Calculate the greatest common divisor of 150 and 13651350.
150
Calculate the greatest common divisor of 262 and 127987.
131
What is the greatest common factor of 305276 and 8?
4
Calculate the highest common factor of 210192 and 174.
174
Calculate the highest common factor of 2136 and 816.
24
What is the greatest common factor of 1681602 and 26?
26
What is the highest common factor of 73482 and 30?
6
Calculate the highest common factor of 5419674 and 114.
114
Calculate the highest common divisor of 1720 and 32080.
40
Calculate the highest common factor of 96 and 22788.
12
Calculate the greatest common divisor of 6773760 and 49.
49
Calculate the greatest common divisor of 7812 and 700.
28
What is the greatest common divisor of 559 and 1039138?
43
What is the highest common factor of 39 and 9663?
3
Calculate the highest common factor of 6625 and 117500.
125
What is the highest common factor of 8788 and 20?
4
What is the highest common factor of 3815 and 121310?
35
Calculate the highest common divisor of 5365 and 1450.
145
Calculate the highest common factor of 379815 and 15.
15
Calculate the highest common divisor of 19945 and 50.
5
What is the highest common factor of 722 and 15542?
38
What is the highest common divisor of 32574 and 23302?
122
Calculate the highest common divisor of 5517 and 2744401.
613
Calculate the greatest common divisor of 138915 and 34545.
735
Calculate the greatest common factor of 16536 and 78.
78
Calculate the greatest common factor of 12932 and 200.
4
Calculate the greatest common factor of 1522 and 4.
2
What is the highest common factor of 23 and 6372334?
23
What is the greatest common factor of 1863 and 58833?
27
Calculate the greatest common factor of 23777 and 146497.
767
Calculate the highest common factor of 20572 and 444.
148
What is the greatest common factor of 10 and 66635?
5
What is the highest common factor of 1245 and 19290?
15
Calculate the highest common factor of 151743 and 3.
3
Calculate the highest common factor of 4167 and 1615407.
1389
What is the highest common factor of 1783 and 4?
1
Calculate the greatest common divisor of 832 and 11180.
52
What is the greatest common factor of 2592 and 800?
32
What is the greatest common divisor of 3094 and 41678?
182
Calculate the greatest common factor of 67870 and 3850.
110
Calculate the greatest common factor of 2425 and 3875.
25
Calculate the highest common factor of 3551 and 4824.
67
Calculate the greatest common factor of 201 and 413658.
201
Calculate the greatest common divisor of 84 and 63966.
42
Calculate the greatest common factor of 47304 and 3504.
1752
Calculate the greatest common divisor of 5090 and 320.
10
What is the greatest common divisor of 986 and 538356?
986
Calculate the highest common factor of 426 and 630.
6
What is the greatest common factor of 234 and 261?
9
What is the greatest common divisor of 112 and 1712?
16
What is the highest common divisor of 8085 and 3630?
165
Calculate the greatest common factor of 3968 and 6076.
124
Calculate the highest common factor of 393150 and 300.
150
What is the highest common divisor of 63778 and 78?
26
What is the greatest common factor of 112847 and 47?
47
What is the greatest common factor of 2619247 and 163?
163
Calculate the greatest common factor of 162 and 26694.
18
Calculate the highest common factor of 260 and 6146.
2
Calculate the highest common divisor of 171 and 2121654.
57
Calculate the greatest common divisor of 51 and 95727.
51
Calculate the highest common factor of 10329 and 33.
33
Calculate the highest common factor of 304 and 1184.
16
Calculate the highest common divisor of 1625 and 49985.
65
What is the highest common factor of 4202347 and 43?
43
What is the greatest common factor of 979653 and 6505?
1301
What is the greatest common divisor of 226620 and 540?
180
What is the highest common divisor of 1402 and 19287314?
1402
What is the greatest common divisor of 2724756 and 804?
804
What is the greatest common factor of 130 and 402890?
10
Calculate the highest common divisor of 17225 and 64675.
325
What is the highest common divisor of 11247 and 2369?
23
What is the highest common divisor of 2304 and 1752?
24
Calculate the highest common divisor of 84 and 559524.
84
Calculate the greatest common divisor of 324 and 713916.
36
What is the greatest common factor of 484 and 576202?
242
What is the greatest common factor of 15 and 137480?
5
Calculate the highest common divisor of 18 and 2727558.
18
Calculate the highest common factor of 7486 and 2204.
38
What is the greatest common factor of 1643 and 8056?
53
What is the highest common divisor of 11219 and 377?
13
Calculate the greatest common factor of 102 and 262531.
17
What is the greatest common divisor of 119130 and 6859?
361
Calculate the greatest common factor of 89300 and 25.
25
Calculate the greatest common factor of 595 and 3755.
5
Calculate the greatest common factor of 14928012 and 121.
121
What is the highest common factor of 7976 and 856?
8
What is the highest common divisor of 257060 and 20?
20
Calculate the highest common factor of 128 and 264832.
128
What is the greatest common divisor of 44 and 192467?
11
What is the highest common divisor of 368115 and 1012?
253
What is the greatest common factor of 11 and 582241?
11
Calculate the highest common factor of 573636 and 84.
84
Calculate the greatest common factor of 6776 and 5148.
44
Calculate the highest common divisor of 3030 and 2130.
30
What is the greatest common factor of 43232 and 28?
28
What is the greatest common factor of 991366 and 4?
2
What is the greatest common divisor of 1554 and 56462?
518
Calculate the highest common divisor of 50457 and 3.
3
Calculate the highest common divisor of 585 and 533.
13
What is the highest common divisor of 20056 and 368?
184
Calculate the highest common divisor of 11548 and 324.
4
Calculate the greatest common factor of 20072 and 2496.
104
Calculate the highest common divisor of 138 and 804.
6
What is the highest common factor of 6557 and 59179?
83
What is the highest common divisor of 170 and 1380?
10
What is the greatest common factor of 4421105 and 2210?
1105
Calculate the highest common divisor of 284 and 302318.
142
Calculate the greatest common factor of 193 and 689203.
193
What is the greatest common factor of 410 and 8077?
41
What is the highest common factor of 174726 and 2448?
306
Calculate the highest common factor of 8588 and 18419.
113
What is the greatest common divisor of 5430 and 540?
30
Calculate the greatest common divisor of 252790 and 595.
85
Calculate the highest common divisor of 408168 and 384.
24
Calculate the highest common divisor of 25976 and 22984.
136
What is the highest common divisor of 728304 and 944?
16
What is the highest common divisor of 15 and 167235?
15
Calculate the highest common factor of 15180 and 790.
10
Calculate the greatest common factor of 4182 and 9146.
34
What is the greatest common factor of 281156 and 4?
4
Calculate the greatest common factor of 1406015 and 2453.
223
Calculate the highest common divisor of 6 and 17642.
2
What is the highest common factor of 2133 and 5293?
79
What is the highest common factor of 20007 and 855?
171
What is the greatest common divisor of 212515 and 5605?
95
Calculate the highest common factor of 36359 and 5150.
103
Calculate the greatest common factor of 600 and 3729000.
600
What is the greatest common factor of 219680 and 100?
20
Calculate the greatest common divisor of 6050 and 12650.
550
What is the highest common divisor of 34 and 872950?
34
What is the highest common factor of 108478 and 146?
146
Calculate the greatest common divisor of 1376 and 21536.
32
Calculate the highest common divisor of 609 and 169389.
87
Calculate the greatest common divisor of 8050 and 21.
7
What is the greatest common factor of 45360 and 34230?
210
What is the greatest common factor of 2100 and 308?
28
What is the highest common divisor of 1341 and 17135?
149
What is the highes